et t(v) = -v**2 + 1245*v + 58145. Determine t(-45).
95
Let a(s) = -28153*s - 1323186. Give a(-47).
5
Let v(x) = -1970*x + 2306. Give v(1).
336
Let a(b) = -b**3 + 52*b**2 + 265*b + 155. What is a(-4)?
-9
Let t(p) = 7*p**3 + 315*p**2 - 52*p - 2284. Give t(-45).
56
Let w(f) = f**3 - 509*f**2 + 418*f + 45709. What is w(508)?
-11
Let d(p) = -p**2 - 2622*p - 247468. What is d(-98)?
-116
Let n(l) = l**3 + 45*l**2 + 107*l - 831. What is n(-42)?
-33
Let p(b) = 62437*b + 87661557. Give p(-1404).
9
Let q(s) = -781*s - 84160. Determine q(-108).
188
Let v(h) = -h**2 - 25*h + 3930. What is v(-83)?
-884
Let w(s) = s**3 - 705*s**2 + 35732*s + 11700. Give w(650).
0
Let j(g) = -15*g**2 + 1531*g + 6146. Calculate j(-4).
-218
Let c(g) = -552*g**2 - 513*g + 40. Give c(-1).
1
Let d(c) = -3514*c + 28295. Calculate d(8).
183
Let b(j) = 370*j - 1935. What is b(4)?
-455
Let n(v) = v**3 - 165*v**2 - 159*v - 1169. What is n(166)?
-7
Let n(b) = -155*b - 2684. Determine n(-22).
726
Let t(y) = -3*y**2 + 7739*y - 23207. What is t(3)?
-17
Let g(t) = -3*t**3 + 16*t**2 - 128*t - 1. Determine g(4).
-449
Let z(s) = -1063*s - 69014. Determine z(-65).
81
Let c(f) = -27*f**2 - 256*f - 415. Determine c(-8).
-95
Let k(p) = -2*p**2 + 1172*p - 7147. What is k(6)?
-187
Let p(o) = 6400*o - 6455. Give p(1).
-55
Let n(k) = 8*k**3 - 5*k**2 - 220*k - 9. Calculate n(-6).
-597
Let b(y) = -y**3 + 311*y**2 + 959*y + 51. Calculate b(-3).
0
Let j(k) = -k**3 + 67*k**2 + 191*k - 393. What is j(-4)?
-21
Let d(v) = 62*v**2 + 305*v + 226. Give d(-2).
-136
Let h(m) = -205808*m - 1029070. Determine h(-5).
-30
Let w(y) = 2*y**3 - 344*y**2 + 397*y - 9423. Give w(171).
-18
Let n(b) = -b**2 - 1321594*b + 7929608. Calculate n(6).
8
Let x(a) = 924*a + 4596. Give x(-6).
-948
Let n(m) = m**3 - 7*m**2 - 739*m + 122. Determine n(31).
277
Let k(r) = r**3 - 1971*r**2 - 196265*r + 456. What is k(-95)?
-19
Let x(u) = -2*u**3 + 27*u**2 - 420*u + 6080. Determine x(14).
4
Let d(p) = 81432*p + 81257. Give d(-1).
-175
Let p(v) = 36*v**2 - 2133*v - 4315. What is p(-2)?
95
Let k(v) = -1887*v + 415218. What is k(220)?
78
Let b(i) = -553*i + 4254. What is b(7)?
383
Let a(n) = -828*n + 2918. Calculate a(-5).
7058
Let r(v) = 95*v**2 - 858*v + 859. Calculate r(1).
96
Let b(p) = -33846*p + 812305. Calculate b(24).
1
Let f(s) = -49*s - 11943. Determine f(-245).
62
Let y(w) = w**3 - 9*w**2 + 1419*w - 21138. Give y(14).
-292
Let t(u) = -14*u**2 + 880*u + 6141. Give t(-7).
-705
Let x(h) = -88197*h + 1940321. What is x(22)?
-13
Let k(f) = 3840*f - 33653. Calculate k(9).
907
Let v(m) = -38569*m + 308625. Determine v(8).
73
Let z(h) = 206*h + 4611. Determine z(-23).
-127
Let k(g) = -3*g**2 - 300*g - 3297. Give k(-94).
-1605
Let i(r) = 7*r**2 + 367*r - 1361. Calculate i(4).
219
Let y(w) = -7*w**2 + 247*w - 1. Determine y(35).
69
Let p(a) = a**2 - 42*a + 304. Calculate p(23).
-133
Let t(k) = -33*k**2 - 55679*k - 69114. What is t(-1686)?
12
Let m(q) = 2*q**3 + 58*q**2 + 724*q + 14891. Determine m(-26).
123
Let y(k) = -239*k**2 + 5751*k - 5850. Give y(23).
-8
Let l(p) = 4166*p - 87594. Calculate l(21).
-108
Let w(a) = -5*a**2 + 93*a + 1365. Give w(14).
1687
Let c(v) = v**2 - 198*v + 3087. Calculate c(18).
-153
Let l(y) = y**2 - 8631*y + 802664. What is l(94)?
186
Let n(l) = -3*l**2 + 210*l - 205. Give n(64).
947
Let q(m) = -m**3 - 34*m**2 - 360*m - 1214. What is q(-8)?
2
Let m(a) = -2*a**2 + 302*a - 8312. Give m(108).
976
Let p(i) = -127*i - 3439. Determine p(-26).
-137
Let z(p) = 2*p**3 - 23*p**2 - 2*p + 20. Give z(10).
-300
Let z(o) = -3*o**2 - 74*o + 852. Determine z(-34).
-100
Let h(b) = b**3 - 41*b**2 - 142*b + 2403. Calculate h(43).
-5
Let f(z) = -3*z**3 - 28*z**2 - 74*z - 617. What is f(-9)?
-32
Let d(x) = 14536*x - 74183. Calculate d(5).
-1503
Let y(v) = 4453*v - 89070. Calculate y(20).
-10
Let c(x) = 443*x - 71733. What is c(162)?
33
Let r(t) = 82*t**2 + 3357*t - 87. Determine r(-41).
118
Let f(r) = -80*r - 428. Determine f(-5).
-28
Let b(j) = 4*j**2 - 63248*j - 189777. Determine b(-3).
3
Let y(w) = 74*w**2 - 734*w + 2. What is y(10)?
62
Let d(s) = -26539*s - 1326943. What is d(-50)?
7
Let c(j) = -964*j**3 - 4818*j**2 - 5*j - 31. Give c(-5).
44
Let a(o) = 214*o - 16295. Give a(68).
-1743
Let q(w) = 2*w - 769. Calculate q(10).
-749
Let x(c) = 254*c - 31250. What is x(123)?
-8
Let c(n) = 2*n**3 + 207*n**2 + 579*n + 27855. Calculate c(-102).
9
Let j(g) = g**3 + 1212*g**2 - 2121*g - 1101409. Give j(-1213).
-5
Let v(n) = -5*n**3 - 71*n**2 + 38*n + 1518. Give v(-13).
10
Let t(w) = -w**3 - 281*w**2 + 2102*w + 109055. What is t(-287)?
-5
Let h(w) = 193136*w - 386260. Give h(2).
12
Let p(c) = 2*c**2 - 3838*c + 49522. What is p(13)?
-34
Let b(w) = 114012*w - 342033. Determine b(3).
3
Let n(c) = 3*c**3 + 36*c**2 - 2563*c + 20384. Determine n(12).
-4
Let q(y) = 2*y**3 + 275*y**2 + 145*y - 504. Give q(-137).
-1600
Let a(c) = -5484*c + 131606. Calculate a(24).
-10
Let q(b) = -b**3 - 158*b**2 + 167*b + 3386. Calculate q(-159).
2114
Let f(q) = 3*q**3 + 28*q**2 - 11*q - 196. Give f(-3).
8
Let w(o) = -199*o**2 - 54*o - 54. Determine w(-1).
-199
Let m(v) = 3*v**2 - 416*v - 1748. Calculate m(143).
111
Let x(a) = 751*a + 14325. Determine x(-19).
56
Let f(p) = -9*p**3 + 14*p**2 + 8*p - 72. What is f(2)?
-72
Let k(g) = g**3 + 12*g**2 - 1055*g - 4851. What is k(-37)?
-41
Let p(w) = -6*w**2 - 2316*w + 1361678. Determine p(321).
-4
Let p(r) = 2*r**3 + 139*r**2 + 1132*r - 614. What is p(-60)?
-134
Let o(q) = -24*q**3 + 4*q**2 + 855*q + 4315. Give o(-5).
3140
Let o(v) = v**3 + 4*v**2 - 791*v - 86. What is o(26)?
-372
Let q(w) = 4*w**3 - 87*w**2 + w - 141. Calculate q(0).
-141
Let o(z) = 2*z**3 + 36*z**2 + 132*z - 45. What is o(-14)?
-325
Let w(v) = 646*v + 371537. What is w(-575)?
87
Let d(q) = 416*q - 9843. Calculate d(24).
141
Let h(o) = -3*o**2 + 81*o + 2338. Determine h(44).
94
Let y(r) = 558*r - 142869. Calculate y(256).
-21
Let w(c) = 3*c**3 - 656*c**2 + 420*c + 3473. What is w(218)?
-15
Let j(s) = 12*s**2 - 72762*s + 72761. Determine j(1).
11
Let n(l) = -3*l**3 + 271*l**2 + 181*l - 2. Calculate n(91).
-93
Let m(h) = 8*h**2 - 1336*h + 1013. Calculate m(166).
-315
Let m(o) = 5*o**2 - 26*o - 171. Give m(19).
1140
Let d(o) = -2417*o**2 + 130539*o - 1155. Determine d(54).
-21
Let w(q) = 397*q**2 + 12308*q + 26. Calculate w(-31).
-5
Let k(l) = -9*l**3 - 16*l**2 + 25*l + 77. Give k(4).
-655
Let s(q) = -q**3 - 32*q**2 + 19*q - 118. Determine s(-34).
1548
Let t(j) = -j**3 - 332*j**2 - 9328*j + 846. What is t(-301)?
-57
Let f(s) = 372*s**2 - 3011*s + 281. Determine f(8).
1
Let i(g) = -16398*g - 623112. What is i(-38)?
12
Let s(g) = -g**3 - 4*g**2 - 965*g - 5899. What is s(-6)?
-37
Let u(z) = 22816*z + 2372856. What is u(-104)?
-8
Let c(r) = 31970*r - 191902. What is c(6)?
-82
Let b(s) = -s**2 + 1131817*s + 29427914. What is b(-26)?
-4
Let a(y) = -y**3 - 32*y**2 + 239*y - 4909. Give a(-41).
421
Let z(g) = -702*g - 19421. What is z(-28)?
235
Let j(a) = -8*a**3 + 93*a**2 + 343*a - 34. Give j(12).
3650
Let i(s) = -525*s + 845. Give i(3).
-730
Let n(k) = k**3 + 157*k**2 - 1480*k - 184761. What is n(-159)?
-3
Let w(i) = -i**2 + 683*i - 13424. Calculate w(21).
478
Let f(a) = -585*a**2 + 5256*a + 29. Give f(9).
-52
Let c(g) = 40679*g**2 + 162716*g + 3. What is c(-4)?
3
Let y(q) = -2077*q - 15. Calculate y(0).
-15
Let g(l) = -14*l**3 + 29872*l**2 - 51184*l + 34118. Give g(2132).
6
Let t(f) = -f**3 - 16*f**2 + 119*f + 1560. Calculate t(-6).
486
Let k(r) = -r**3 - 10*r**2 + 1873*r + 26941. Give k(-15).
-29
Let x(a) = 88*a**2 + 45752*a - 4140. Calculate x(-520).
20
Let c(g) = 5734*g - 590592. Calculate c(103).
10
Let b(k) = 5*k**3 - 5311*k**2 + 21169*k - 11. Give b(4).
9
Let m(t) = -59187*t - 473480. Determine m(-8).
16
Let t(j) = 30*j**2 + 1722*j + 24293. Calculate t(-25).
-7
Let t(u) = 4*u**3 - 30*u**2 - 150*u - 130. What is t(-5)?
-630
Let j(n) = -3*n**3 + 147*n**2 - 144*n + 480. Give j(48).
480
Let a(t) = 211*t - 61259. Give a(291).
142
Let z(a) = a**3 + a**2 - 367*a - 39. Calculate z(-19).
436
Let o(l) = -3*l**3 + 819*l**2 - l + 331. Determine o(273).
58
Let u(c) = -14134*c - 42420. Give u(-3).
-18
Let z(h) = 31586*h - 189523. Calculate z(6).
-7
Let k(b) = 5822*b - 279389. Determine k(48).
67
Let m(v) = -290*v + 3308. Calculate m(12).
-172
Let m(d) = 1518*d + 5262. 